*t**5/60 - t**4/8 + 2*t**3/3 + 13*t**2. Give u(-7).
25
Let l(w) = -2*w**2 - 3*w + 1. Let q be -5 - 0 - (14 - 24 - -8). Determine l(q).
-8
Let c(j) be the first derivative of j**3/3 - 2*j**2 - 7*j + 1. Let m = -580 + 585. What is c(m)?
-2
Suppose -6 = -5*i + 3*i. Let z(f) = -42*f + f**2 + 40*f + 1 + 2. Let h be z(i). Let l(c) = -c**2 + 5*c + 4. Give l(h).
-2
Suppose 0 = 5*m + 2*u + 2 - 7, -4*m = -3*u - 27. Let s(b) be the third derivative of 1/2*b**m + 2*b**2 + 0 + 0*b - 1/6*b**4. Give s(2).
-5
Let i(r) = 8*r**3 - 6*r**2 + 9. Let a(t) = -3*t**3 + 3*t**2 - t - 4. Let x(o) = -5*a(o) - 2*i(o). Give x(-4).
-2
Let i = 52 - 79. Let s = i + 27. Let o(f) = f - 2. Determine o(s).
-2
Let p(c) = -c**3 - 2*c**2 - 1. Suppose 4*y = -v + 5 + 11, -3*y = 5*v - 12. Let w be (2/4 - v) + (-28)/8. Determine p(w).
8
Let s(u) = -u - 6. Let j(f) = -f**2 - 14*f + 345. Let w be j(-27). Determine s(w).
0
Let i(l) = 10 + l**3 - 8*l - 12*l**2 + 10*l - 2*l**3. Give i(-12).
-14
Let i(r) = 15*r - 44. Let o(d) = -7*d + 21. Let p(a) = 4*i(a) + 9*o(a). What is p(9)?
-14
Let f(v) = v**3 - 8*v**2 + 7*v - 2. Let t be f(7). Let q be (-600)/(-56) - t/7. Let h(z) = z**3 - 10*z**2 - 11*z - 2. What is h(q)?
-2
Let g(t) be the second derivative of -1/6*t**3 + t - 1/20*t**5 - 1/4*t**4 + 0 - 2*t**2. Suppose -8 = -4*b - 20. Determine g(b).
-1
Suppose 2*q - 3*v + 17 = 0, -2*q = -4*v + 13 + 7. Let j(s) = -s + 5 - 7 + 0*s. Calculate j(q).
2
Let b(i) = -5 + 0 + 4. Suppose 10 = -5*z - u, -5*z + 4*z = 5*u + 2. Let y(a) = 2*a - 2. Let x(h) = z*b(h) + y(h). Determine x(2).
4
Let l(k) = -k**2 + 4*k + 13. Let n(b) = -2*b**2 + 9*b + 28. Let g(s) = 9*l(s) - 4*n(s). Suppose 4*p + 4*f - 4 = 0, -2*p + 3*f + 17 = -0*p. What is g(p)?
-11
Let r(m) be the first derivative of m**7/840 + m**6/90 + m**5/120 - 10*m**3/3 - 1. Let z(d) be the third derivative of r(d). Calculate z(-2).
6
Suppose c - 4*v = -15 - 21, c = 3*v - 34. Let d(a) = a**3 + 28*a**2 - a - 35. Let p be d(c). Let s(l) = 3*l - 7. Give s(p).
-28
Let s(q) = 3*q + 107. Let t be s(-35). Let g(f) = -10*f**2 - 6*f + 13. Let p(v) = -3*v**2 - 2*v + 4. Let c(k) = -2*g(k) + 7*p(k). Give c(t).
-6
Suppose 0 = 6*f + 2 + 4. Let k(r) = -r**3 - r**2. Let v(d) = -5*d**3 - 11*d**2 - 6*d + 6. Let y(i) = f*v(i) + 6*k(i). Suppose 5 = u - 1. Calculate y(u).
-6
Let x(a) = -a**3 - 5*a**2 - 2*a + 1. Let r(o) = -3*o**3 - 16*o**2 - 6*o + 4. Let c(d) = -2*r(d) + 7*x(d). Let t(w) = -18*w - 542. Let l be t(-30). Give c(l).
-1
Let u = 20 + -19. Let y = -2 + u. Let l(o) be the third derivative of o**4/24 - o**2. Determine l(y).
-1
Let r(m) = -m**3 + 6*m**2 - 5*m - 5. Let n = -106 - -156. Suppose n = 3*i + 7*i. Give r(i).
-5
Let i be 2*(-1 + (-9)/(-6)). Let b(y) = -y**3 + 0*y**2 + 8*y**2 - 8*y + i + 3 - y. What is b(7)?
-10
Let j(m) be the second derivative of 1/2*m**2 - 1/20*m**5 + 2/3*m**4 + 0*m**3 - 8*m + 0. Give j(8).
1
Let k(d) = 57*d - 335. Let h be k(6). Let t(s) = -s**2 + 5*s. Determine t(h).
-14
Suppose 4*g - 27 = -v + 4*v, -4*g + 20 = 4*v. Let r be g/(-10) + (-28)/20. Let b(t) = -2*t + 1. Give b(r).
5
Let l(a) be the first derivative of a + 5 - 1/2*a**2. Determine l(-4).
5
Let b(k) = k**2 - 1. Let q(l) = l**3 + 4*l + 5. Let i(u) = 6*b(u) + q(u). Calculate i(-4).
15
Let h(w) = -9*w**3 + 4*w + 3. Let t(a) = 7*a**3 + a**2 - 5*a - 3. Let s(b) = 3*h(b) + 4*t(b). Determine s(-5).
12
Let h = -73 - -84. Let g(n) = -3*n**3 + 2*n**2 + 4*n + 2. Let u(i) = -16*i**3 + 10*i**2 + 20*i + 11. Let c(x) = h*g(x) - 2*u(x). What is c(3)?
3
Let l = -356 - -356. Let b(g) = g + 25. Calculate b(l).
25
Let g(o) be the first derivative of 7*o**3/6 + 38*o + 4. Let m(w) be the first derivative of g(w). What is m(2)?
14
Let c(l) = 6*l - 6*l**2 + 5*l**2 + 6 + 0. Suppose 5 = -4*d + 17. Suppose -2*w - 3*x = -4, -d*w + 3*x + 8 + 13 = 0. Calculate c(w).
11
Let k(s) be the third derivative of s**7/2520 + 7*s**6/720 - s**5/60 + s**4/6 - 2*s**2. Let a(y) be the second derivative of k(y). Calculate a(-8).
6
Let a be (16/(-12))/((-4)/6). Let w be -3 + 0 - (-21)/3. Let k(j) = 3*j + 2*j - w*j + j**3 + 1 - 3*j**2. Give k(a).
-1
Let z(b) = 2*b + 10. Suppose -4*i + 2*i - 16 = 2*k, 0 = 5*i + 10. What is z(k)?
-2
Let k be -2 + -2 + 2 + 0. Let h be (-3)/12*-22*k. Let j be 77/h*4/(-7). Let m(s) = -s**3 + 5*s**2 - 2*s - 3. Give m(j).
5
Suppose -4*a = -s + 22, 16 = 2*s - 23*a + 22*a. Let r(g) = -g**3 + 6*g**2 - g - 6. What is r(s)?
-12
Let c(g) = g - 3. Let w(n) = 5*n - 5. Let d be w(-4). Let x = 38 + d. Let y = 8 - x. Determine c(y).
-8
Let r = -88 - -91. Suppose r*q = 2*k - 2*q - 15, 0 = -k + q + 6. Let j(t) = t**2 - 4*t - 2. What is j(k)?
3
Let c(z) = -z**3 + 3*z**2 - 3*z - 4. Let m be 96/5 + 8/(-40). Let o = m + -5. Let i = o + -11. What is c(i)?
-13
Suppose -75 = -n + 16*n. Let l(t) = t**3 + 5*t**2 - 2*t - 7. Calculate l(n).
3
Let p(x) = x**2 + 2*x + 5. Let r(v) = 3*v**2 + 6*v + 14. Let b(z) = 11*p(z) - 4*r(z). Determine b(-2).
-1
Let x(t) be the first derivative of t**2/2 - 5*t + 1. Let m = -468 + 463. Determine x(m).
-10
Let t(g) = -g**3 + g - 10. Let h(s) be the second derivative of s**4/12 - s**3/3 - 3*s**2/2 + 5*s. Let y be h(3). Determine t(y).
-10
Suppose 28*m + 34 = 11*m. Let q(g) = -2*g + 2. What is q(m)?
6
Let f(g) be the second derivative of -g**5/20 + 3*g**4/2 - 17*g**3/6 - 9*g. What is f(17)?
0
Let d be (5 - -1)*60/72. Let f(c) = -5*c**3 + c**2 - 6*c + 2. Let h(r) = r**3 - r**2 + r. Let k(m) = f(m) + 6*h(m). Calculate k(d).
2
Let s(j) be the first derivative of -j**4/4 + j**3 - j**2 - 2*j + 110. Give s(2).
-2
Let y(c) = 66 - 67 - 3*c**2 + 2*c**2 - c + c**3 - c**2. Suppose -5*w - u + 24 = 2*u, -3 = 4*w - 5*u. Calculate y(w).
5
Let c = 97/180 - 13/45. Let f(d) be the first derivative of c*d**4 + 5/2*d**2 + 2 - 4*d + 2*d**3. Determine f(-4).
8
Let a = 1731 - 1727. Let k(f) = -4*f + 1. Give k(a).
-15
Let u = -122 + 150. Suppose -u*v + 31*v = -21. Let i(m) = -m**3 - 6*m**2 + 8*m - 3. Give i(v).
-10
Let x be (12/(-8))/((-3)/4). Let g(d) = x - 8*d + 3*d + 4*d. Suppose -k + 24 = -4*p, 6*p + 4 = -4*k + 2*p. What is g(k)?
-2
Let y(k) = -2*k + 4. Suppose 3*x = 2*f - x - 24, -25 = 5*x. Suppose 3*o = w, -2*w - 2*o = -6*o + f. Determine y(w).
10
Let j(m) be the second derivative of 17*m + 1/2*m**2 + 5/6*m**3 + 0. What is j(1)?
6
Let d(x) be the third derivative of 0*x + 1/24*x**4 - 1/30*x**5 - 1/20*x**6 + 21*x**2 + 0*x**3 + 0. Calculate d(1).
-7
Let v be (-17)/3 + (-36)/(-54). Let i(p) = -p - 1. Let w be i(v). Let f(t) = t**3 - 5*t**2 + 5*t - 3. What is f(w)?
1
Let z(m) = -33*m + 17. Let s(y) = -11*y + 4. Let h(q) = 11*s(q) - 4*z(q). What is h(2)?
-2
Let d(r) = 2*r**3 - 4*r**2 + 4*r - 3. Let v(b) = 3*b**2 + 2*b - 3. Suppose 0 = -8*m + 4*m - 8, 2*m + 2 = -2*u. Let x be v(u). Give d(x).
5
Let i = -903 - -905. Let w(p) = -5*p**3 + 2*p**2. Calculate w(i).
-32
Let p(b) = -b**2 + 4*b - 6. Suppose -2*y = -2*c + 2*y - 12, 3*y - 9 = -3*c. Suppose -15*i + 11*i + 24 = c. Calculate p(i).
-18
Let l = 277 + -271. Let w(q) = q**3 - 7*q**2 + 8*q + 6. Determine w(l).
18
Let u(o) = -o**3 + 6*o**2 + 2*o + 3. Suppose 2*z - 2*c = 12, 10 = 3*z - 4*c - 11. Suppose 0*q - 18 = -z*q. Give u(q).
15
Let f(p) = -p**2 + 8724*p**3 - 8725*p**3 + 9*p**2 - 1. What is f(8)?
-1
Let p(b) = 112 - 31 + 13*b + b**2 - 24 + 0*b - 42. Determine p(-12).
3
Let l(k) = k + 13 + 0 - 12 + 0. Let o(f) = 2*f**3 + f**2 - 2*f + 1. Let g be o(1). Let z be 18/(-14) + g/7. Determine l(z).
0
Let o(i) = 29*i**2 - 3*i. Let b(q) = -21*q**2 + 2*q - 1. Let k(x) = -3*b(x) - 2*o(x). Calculate k(3).
48
Let u be 2/(-5) + 1122/30. Let p(s) = 5*s + u - 34 - 2*s. Let h(t) = -18*t - 19. Let x(a) = 6*h(a) + 39*p(a). Calculate x(-2).
-15
Let w(d) be the second derivative of -8*d**3/3 + 3*d**2/2 - 2*d - 103. What is w(0)?
3
Let x(p) = p**3 - 7*p**2 + 7*p - 3. Suppose 4 - 16 = 3*l, 4*l = 2*c - 28. Give x(c).
3
Suppose 2*h = 4*x + 3 + 3, h - 3*x = 1. Let b(m) = h*m**2 + m**3 + 5 - 2*m + 2*m. Let l be 8/(48/(-9)) - (-44)/(-8). Give b(l).
5
Let h(g) = g**3 + 3*g**2 + 3*g + 4. Let n = -31 + 28. Let d = -6 - n. What is h(d)?
-5
Let m(b) = b. Let v(n) = -24 + 4*n + 23 + 3*n. Let g(d) = 5*m(d) - v(d). Calculate g(-3).
7
Let x(l) = 13*l**2 + 8*l + 5. Let q be x(-1). Let i(o) = o**2 - 9*o - 12. Calculate i(q).
-2
Let q be 3/(-6)*34 + (23 - 18). Let y(r) = r**3 + 12*r**2 + 3*r + 28. Give y(q).